{"id":1069,"date":"2024-04-22T10:33:01","date_gmt":"2024-04-22T09:33:01","guid":{"rendered":"https:\/\/www.borbora.hu\/?page_id=1069"},"modified":"2024-04-22T11:04:25","modified_gmt":"2024-04-22T10:04:25","slug":"borbora-borhaz-villa-aszf","status":"publish","type":"page","link":"https:\/\/www.borbora.hu\/?page_id=1069","title":{"rendered":"Borbora Borh\u00e1z Villa \u00c1SZF"},"content":{"rendered":"<p><\/p>\n<p>Jelen \u201e\u00c1ltal\u00e1nos Szerz\u0151d\u00e9si Felt\u00e9telek\u201d (tov\u00e1bbiakban \u00c1SZF) szab\u00e1lyozza a szolg\u00e1ltat\u00f3 \u00e1ltal 8245 V\u00e1szoly, k\u00fclter\u00fclet HRSZ 1211\/8 c\u00edmen \u00fczemeltetett Borbora Borh\u00e1z Villa \u00e9s az ahhoz kapcsol\u00f3d\u00f3 egy\u00e9b szolg\u00e1ltat\u00e1sok ig\u00e9nybev\u00e9tel\u00e9nek felt\u00e9teleit.<\/p>\n<p><\/p>\n<p><\/p>\n<p>AZ \u00c1SZF nem z\u00e1rja ki az egyedi vagy speci\u00e1lis meg\u00e1llapod\u00e1sok megk\u00f6t\u00e9s\u00e9t utaz\u00e1sk\u00f6zvet\u00edt\u0151kkel, utaz\u00e1sszervez\u0151kkel vagy egy\u00e9b olyan szem\u00e9lyekkel, akik a Szolg\u00e1ltat\u00f3 szolg\u00e1ltat\u00e1sai \u00e9rt\u00e9kes\u00edt\u00e9s\u00e9ben a Szolg\u00e1ltat\u00f3val egy\u00fcttm\u0171k\u00f6dnek.<\/p>\n<p><\/p>\n<p><\/p>\n<p><strong>1. Szerz\u0151d\u0151 felek<\/strong><\/p>\n<p><\/p>\n<p><\/p>\n<p>Az \u00c1SZF szerint a Borbora Kft. (sz\u00e9khely: 2030 \u00c9rd, Csan\u00e1d utca 93.; ad\u00f3sz\u00e1m: 14417179-2-13; levelez\u00e9si c\u00edm: <a href=\"mailto:info@borbora.hu\">info@borbora.hu<\/a>; telefonsz\u00e1m: +3630\/914-1675), a tov\u00e1bbiakban Szolg\u00e1ltat\u00f3, elsz\u00e1ll\u00e1sol\u00e1si szerz\u0151d\u00e9st k\u00f6t a szolg\u00e1ltat\u00e1st ig\u00e9nybe vev\u0151 term\u00e9szetes szem\u00e9llyel, jogi szem\u00e9llyel vagy jogi szem\u00e9lyis\u00e9ggel nem rendelkez\u0151 gazdas\u00e1gi t\u00e1rsas\u00e1ggal (tov\u00e1bbiakban Vend\u00e9g).<\/p>\n<p><\/p>\n<p><\/p>\n<p>Szolg\u00e1ltat\u00f3 \u00e9s Vend\u00e9g megnevez\u00e9se a tov\u00e1bbiakban Felek.<\/p>\n<p><\/p>\n<p><\/p>\n<p>Vend\u00e9g az \u00c1SZF-et tudom\u00e1sul veszi \u00e9s mag\u00e1ra n\u00e9zve k\u00f6telez\u0151nek fogadja el.<\/p>\n<p><\/p>\n<p><\/p>\n<p>Az \u00c1SZF elfogad\u00e1s\u00e1val egy\u00fcttesen Vend\u00e9g a <a href=\"https:\/\/www.borbora.hu\/?page_id=1050\" data-type=\"page\" data-id=\"1050\" target=\"_blank\" rel=\"noreferrer noopener\">H\u00e1zirendet<\/a> is tudom\u00e1sul veszi \u00e9s elfogadja.<\/p>\n<p><\/p>\n<p><\/p>\n<p><strong>2. \u00c1SZF c\u00e9lja<\/strong><\/p>\n<p><\/p>\n<p><\/p>\n<p>Az \u00c1SZF Felek k\u00f6z\u00f6tt l\u00e9trej\u00f6v\u0151 jogviszony \u00e1ltal\u00e1nos felt\u00e9teleit tartalmazza. Az \u00c1SZF-ben nem szab\u00e1lyozott felt\u00e9teleket illet\u0151en Szolg\u00e1ltat\u00f3 tev\u00e9kenys\u00e9g\u00e9re vonatkoz\u00f3 hat\u00e1lyos jogszab\u00e1lyok, hat\u00f3s\u00e1gi el\u0151\u00edr\u00e1sok, valamint a Polg\u00e1ri T\u00f6rv\u00e9nyk\u00f6nyv rendelkez\u00e9sei az ir\u00e1nyad\u00f3ak.<\/p>\n<p><\/p>\n<p><\/p>\n<p><strong>3. \u00c1SZF hat\u00e1lya<\/strong><\/p>\n<p><\/p>\n<p><\/p>\n<p>Szolg\u00e1ltat\u00f3 fenntartja a jogot az \u00c1SZF r\u00e9szben vagy eg\u00e9szben t\u00f6rt\u00e9n\u0151 m\u00f3dos\u00edt\u00e1s\u00e1ra. Az \u00c1SZF mindaddig hat\u00e1lyban marad, am\u00edg Szolg\u00e1ltat\u00f3 a szolg\u00e1ltat\u00e1st biztos\u00edtja. Jelen \u00c1SZF 2024.03.18. napj\u00e1t\u00f3l, hat\u00e1rozatlan ideig hat\u00e1lyos.<\/p>\n<p><\/p>\n<p><\/p>\n<p><strong>4. Szerz\u0151d\u00e9s l\u00e9trej\u00f6tt\u00e9nek menete<\/strong><\/p>\n<p><\/p>\n<p><\/p>\n<p>K\u00f6zvet\u00edt\u0151 f\u00e9len kereszt\u00fcl, p\u00e9ld\u00e1ul <a href=\"http:\/\/www.booking.com\" target=\"_blank\" rel=\"noreferrer noopener\">www.booking.com<\/a>.<\/p>\n<p><\/p>\n<p><\/p>\n<p>A szolg\u00e1ltat\u00e1s megrendel\u00e9se (tov\u00e1bbiakban Foglal\u00e1s) t\u00f6rt\u00e9nhet \u00edr\u00e1sban \u2013 Szolg\u00e1ltat\u00f3 1. pontban jelzett levelez\u00e9si c\u00edm\u00e9n kereszt\u00fcl \u2013, illet\u0151leg sz\u00f3ban \u2013 Szolg\u00e1ltat\u00f3 1. pontban jelzett telefonsz\u00e1m\u00e1n kereszt\u00fcl \u2013 is, azonban ezek csak abban az esetben keletkeztetnek szerz\u0151d\u00e9si k\u00f6telmet, ha a Foglal\u00e1st Szolg\u00e1ltat\u00f3 \u00edr\u00e1sban, az 1. pontban jelzett email levelez\u00e9si c\u00edm\u00e9r\u0151l visszaigazolta. A szolg\u00e1ltat\u00e1s ig\u00e9nybev\u00e9tel\u00e9vel kapcsolatosan l\u00e9trej\u00f6tt szerz\u0151d\u00e9s hat\u00e1rozott id\u0151tartamra sz\u00f3l.<\/p>\n<p><\/p>\n<p><\/p>\n<p><strong>5. Foglal\u00e1s k\u00f6lts\u00e9gei, Foglal\u00e1s visszamond\u00e1sa<\/strong><\/p>\n<p><\/p>\n<p><\/p>\n<p>A Foglal\u00e1s Fizet\u00e9si Napja a Foglal\u00e1s kezd\u0151napja el\u0151tti 14. napt\u00e1ri nap.<\/p>\n<p><\/p>\n<p><\/p>\n<p>A Foglal\u00e1s Fizet\u00e9si Napj\u00e1ig Vend\u00e9g nem k\u00f6teles el\u0151leg fizet\u00e9s\u00e9re, \u00e9s addig a napig a Foglal\u00e1st d\u00edjmentesen le is mondhatja. Ebben az esetben az esetlegesen m\u00e1r a Vend\u00e9g \u00e1ltal megfizetett teljes sz\u00e1ll\u00e1sd\u00edj vagy sz\u00e1ll\u00e1sd\u00edj el\u0151leg 100%-a visszaj\u00e1r Vend\u00e9g sz\u00e1m\u00e1ra.<\/p>\n<p><\/p>\n<p><\/p>\n<p>K\u00f6zvet\u00edt\u0151 f\u00e9len kereszt\u00fcli fizet\u00e9s csak bankk\u00e1rtya haszn\u00e1lat\u00e1val lehets\u00e9ges. Ebben az esetben a k\u00f6zvet\u00edt\u0151 f\u00e9l legk\u00e9s\u0151bb a Foglal\u00e1s Fizet\u00e9si Napj\u00e1n megterheli Vend\u00e9g bankk\u00e1rty\u00e1j\u00e1t a teljes sz\u00e1ll\u00e1sd\u00edj \u00f6sszeg\u00e9vel.<\/p>\n<p><\/p>\n<p><\/p>\n<p>Amennyiben Felek a Foglal\u00e1sr\u00f3l egym\u00e1ssal k\u00f6zvetlen\u00fcl, k\u00f6zvet\u00edt\u0151 f\u00e9l ig\u00e9nybev\u00e9tele n\u00e9lk\u00fcl egyeztek meg, akkor<\/p>\n<p><\/p>\n<p><\/p>\n<ul class=\"wp-block-list\"><\/p>\n<li>legk\u00e9s\u0151bb a Foglal\u00e1s Fizet\u00e9si Napj\u00e1n Szolg\u00e1ltat\u00f3 megterheli Vend\u00e9g Foglal\u00e1skor megadott bankk\u00e1rty\u00e1j\u00e1t a teljes sz\u00e1ll\u00e1sd\u00edj 100%-\u00e1val, vagy<\/li>\n<p><\/p>\n<p><\/p>\n<li>legk\u00e9s\u0151bb a Foglal\u00e1s Fizet\u00e9si Napj\u00e1n Vend\u00e9g megfizeti a teljes sz\u00e1ll\u00e1sd\u00edj 100%-t Szolg\u00e1ltat\u00f3 banksz\u00e1ml\u00e1j\u00e1ra k\u00fcld\u00f6tt \u00e1tutal\u00e1ssal, amelyhez haszn\u00e1lhatja a Szolg\u00e1ltat\u00f3 \u00e1ltal email-ben megk\u00fcld\u00f6tt link-et.<\/li>\n<p><\/ul>\n<p><\/p>\n<p><\/p>\n<p>Amennyiben a Foglal\u00e1s Fizet\u00e9si Napj\u00e1ig \u00e9s a jelen pontban meghat\u00e1rozott fizet\u00e9si m\u00f3dok valamelyik\u00e9n nem t\u00f6rt\u00e9nik meg a teljes sz\u00e1ll\u00e1sd\u00edj 100%-\u00e1nak megfizet\u00e9se, akkor az a Foglal\u00e1s visszamond\u00e1s\u00e1t jelenti, Vend\u00e9g nem foglalhatja el a sz\u00e1ll\u00e1st \u00e9s Szolg\u00e1ltat\u00f3 jogosult a sz\u00e1ll\u00e1shelyet m\u00e1sik vend\u00e9g sz\u00e1m\u00e1ra kiadni.<\/p>\n<p><\/p>\n<p><\/p>\n<p>Amennyiben a visszamond\u00e1s a Foglal\u00e1s Fizet\u00e9si Napja ut\u00e1n, de m\u00e9g a Foglal\u00e1s kezd\u0151napja el\u0151tt ker\u00fcl visszamond\u00e1sra, akkor Vend\u00e9g k\u00f6teles megfizetni a teljes sz\u00e1ll\u00e1sd\u00edj 50%-\u00e1t. Ha Vend\u00e9g a visszamond\u00e1s id\u0151pontj\u00e1ig m\u00e1r enn\u00e9l t\u00f6bbet fizetett, akkor a t\u00f6bbletet Szolg\u00e1ltat\u00f3 k\u00f6teles visszautalni Vend\u00e9g sz\u00e1ml\u00e1j\u00e1ra.<\/p>\n<p><\/p>\n<p><\/p>\n<p>Amennyiben a Foglal\u00e1s visszamond\u00e1sa a Foglal\u00e1s kezd\u0151napj\u00e1n t\u00f6rt\u00e9nik, vagy a Vend\u00e9g a Foglal\u00e1s z\u00e1r\u00f3napja el\u0151tt k\u00edv\u00e1n t\u00e1vozni, Szolg\u00e1ltat\u00f3 nem k\u00f6telezhet\u0151 a sz\u00e1ll\u00e1shelyen elt\u00f6lt\u00f6tt id\u0151 \u00e9s a teljes Foglal\u00e1s idej\u00e9re vonatkoz\u00f3 sz\u00e1ll\u00e1sd\u00edj k\u00fcl\u00f6nb\u00f6zet\u00e9nek visszafizet\u00e9s\u00e9re.<\/p>\n<p><\/p>\n<p><\/p>\n<p>A Borbora Borh\u00e1z Villa mindenkori aktu\u00e1lis sz\u00e1ll\u00e1shely \u00e1rait a k\u00f6zvet\u00edt\u0151 felek \u00e9s a Borbora Borh\u00e1z honlapja (<a href=\"http:\/\/www.borbora.hu\">www.borbora.hu<\/a>) tartalmazza.<\/p>\n<p><\/p>\n<p><\/p>\n<p>Az IFA (idegenforgalmi ad\u00f3) minden esetben a teljes sz\u00e1ll\u00e1sd\u00edjban ker\u00fcl elsz\u00e1mol\u00e1sra, de k\u00fcl\u00f6n ker\u00fcl felt\u00fcntet\u00e9sre a v\u00e9gsz\u00e1ml\u00e1n. Az IFA \u00f6sszeg\u00e9t azokra a napokra is meg kell fizetni, amikor kor\u00e1bban t\u00f6rt\u00e9n\u0151 t\u00e1voz\u00e1s miatt, Vend\u00e9g m\u00e1r nem tart\u00f3zkodott a sz\u00e1ll\u00e1shelyen.<\/p>\n<p><\/p>\n<p><\/p>\n<p><strong>6. Szerz\u0151d\u00e9s megsz\u0171n\u00e9se<\/strong><\/p>\n<p><\/p>\n<p><\/p>\n<p>Szolg\u00e1ltat\u00f3 jogosult a szerz\u0151d\u00e9st felmondani, a szolg\u00e1ltat\u00e1sny\u00fajt\u00e1st visszamondani, amennyiben az al\u00e1bbiak k\u00f6z\u00fcl valamelyik fenn\u00e1ll:<\/p>\n<p><\/p>\n<p><\/p>\n<ul class=\"wp-block-list\"><\/p>\n<li>Vend\u00e9g nem teljes\u00edti a fizet\u00e9si k\u00f6telezetts\u00e9g\u00e9t<\/li>\n<p><\/p>\n<p><\/p>\n<li>Vend\u00e9g a Borbora Borh\u00e1z Vill\u00e1t nem rendeltet\u00e9sszer\u0171en haszn\u00e1lja<\/li>\n<p><\/p>\n<p><\/p>\n<li>Vend\u00e9g erk\u00f6lcstelen, er\u0151szakos vagy \u00f6sszef\u00e9rhetetlen magatart\u00e1st tan\u00fas\u00edt<\/li>\n<p><\/p>\n<p><\/p>\n<li>Vend\u00e9g fert\u0151z\u0151 betegs\u00e9gben szenved<\/li>\n<p><\/p>\n<p><\/p>\n<li>Vend\u00e9g tudatm\u00f3dos\u00edt\u00f3 szer hat\u00e1sa alatt \u00e1ll<\/li>\n<p><\/p>\n<p><\/p>\n<li>feleken k\u00edv\u00fcl \u00e1ll\u00f3 okok (vis maior esetek) eset\u00e9n<\/li>\n<p><\/ul>\n<p><\/p>\n<p><\/p>\n<p><strong>7. Adatkezel\u00e9s<\/strong><\/p>\n<p><\/p>\n<p><\/p>\n<p>Az \u00c1SZF elfogad\u00e1s\u00e1val Vend\u00e9g elismeri, hogy elolvasta \u00e9s tudom\u00e1sul vette az <a href=\"https:\/\/www.borbora.hu\/?page_id=3\" target=\"_blank\" rel=\"noreferrer noopener\">Adatkezel\u00e9si T\u00e1j\u00e9koztat\u00f3t<\/a>.<\/p>\n<p><\/p>\n<p><\/p>\n<p><strong>8. Ir\u00e1nyad\u00f3 jog<\/strong><\/p>\n<p><\/p>\n<p><\/p>\n<p>Jelen szerz\u0151d\u00e9sben a magyar jogi szab\u00e1lyoz\u00e1sok az ir\u00e1nyad\u00f3k.<\/p>\n<p><\/p>\n","protected":false},"excerpt":{"rendered":"<p>Jelen \u201e\u00c1ltal\u00e1nos Szerz\u0151d\u00e9si Felt\u00e9telek\u201d (tov\u00e1bbiakban \u00c1SZF) szab\u00e1lyozza a szolg\u00e1ltat\u00f3 \u00e1ltal 8245 V\u00e1szoly, k\u00fclter\u00fclet HRSZ 1211\/8 c\u00edmen \u00fczemeltetett Borbora Borh\u00e1z Villa \u00e9s az ahhoz kapcsol\u00f3d\u00f3 egy\u00e9b szolg\u00e1ltat\u00e1sok ig\u00e9nybev\u00e9tel\u00e9nek felt\u00e9teleit. AZ \u00c1SZF nem z\u00e1rja ki az egyedi vagy speci\u00e1lis meg\u00e1llapod\u00e1sok megk\u00f6t\u00e9s\u00e9t utaz\u00e1sk\u00f6zvet\u00edt\u0151kkel, utaz\u00e1sszervez\u0151kkel vagy egy\u00e9b olyan szem\u00e9lyekkel, akik a Szolg\u00e1ltat\u00f3 szolg\u00e1ltat\u00e1sai \u00e9rt\u00e9kes\u00edt\u00e9s\u00e9ben a Szolg\u00e1ltat\u00f3val egy\u00fcttm\u0171k\u00f6dnek. 1. Szerz\u0151d\u0151 [&hellip;]<\/p>\n","protected":false},"author":2,"featured_media":0,"parent":0,"menu_order":0,"comment_status":"closed","ping_status":"closed","template":"","meta":{"footnotes":""},"class_list":["post-1069","page","type-page","status-publish","hentry","latest_post"],"yoast_head":"<!-- This site is optimized with the Yoast SEO plugin v24.6 - https:\/\/yoast.com\/wordpress\/plugins\/seo\/ -->\n<title>Borbora Borh\u00e1z Villa \u00c1SZF - Borbora Borh\u00e1z<\/title>\n<meta name=\"robots\" content=\"index, follow, max-snippet:-1, max-image-preview:large, max-video-preview:-1\" \/>\n<link rel=\"canonical\" href=\"https:\/\/www.borbora.hu\/?page_id=1069\" \/>\n<meta property=\"og:locale\" content=\"hu_HU\" \/>\n<meta property=\"og:type\" content=\"article\" \/>\n<meta property=\"og:title\" content=\"Borbora Borh\u00e1z Villa \u00c1SZF - Borbora Borh\u00e1z\" \/>\n<meta property=\"og:description\" content=\"Jelen \u201e\u00c1ltal\u00e1nos Szerz\u0151d\u00e9si Felt\u00e9telek\u201d (tov\u00e1bbiakban \u00c1SZF) szab\u00e1lyozza a szolg\u00e1ltat\u00f3 \u00e1ltal 8245 V\u00e1szoly, k\u00fclter\u00fclet HRSZ 1211\/8 c\u00edmen \u00fczemeltetett Borbora Borh\u00e1z Villa \u00e9s az ahhoz kapcsol\u00f3d\u00f3 egy\u00e9b szolg\u00e1ltat\u00e1sok ig\u00e9nybev\u00e9tel\u00e9nek felt\u00e9teleit. AZ \u00c1SZF nem z\u00e1rja ki az egyedi vagy speci\u00e1lis meg\u00e1llapod\u00e1sok megk\u00f6t\u00e9s\u00e9t utaz\u00e1sk\u00f6zvet\u00edt\u0151kkel, utaz\u00e1sszervez\u0151kkel vagy egy\u00e9b olyan szem\u00e9lyekkel, akik a Szolg\u00e1ltat\u00f3 szolg\u00e1ltat\u00e1sai \u00e9rt\u00e9kes\u00edt\u00e9s\u00e9ben a Szolg\u00e1ltat\u00f3val egy\u00fcttm\u0171k\u00f6dnek. 1. Szerz\u0151d\u0151 [&hellip;]\" \/>\n<meta property=\"og:url\" content=\"https:\/\/www.borbora.hu\/?page_id=1069\" \/>\n<meta property=\"og:site_name\" content=\"Borbora Borh\u00e1z\" \/>\n<meta property=\"article:publisher\" content=\"https:\/\/www.facebook.com\/Borbora-Borhz-101606278064627\" \/>\n<meta property=\"article:modified_time\" content=\"2024-04-22T10:04:25+00:00\" \/>\n<meta name=\"twitter:card\" content=\"summary_large_image\" \/>\n<meta name=\"twitter:label1\" content=\"Becs\u00fclt olvas\u00e1si id\u0151\" \/>\n\t<meta name=\"twitter:data1\" content=\"6 perc\" \/>\n<script type=\"application\/ld+json\" class=\"yoast-schema-graph\">{\"@context\":\"https:\/\/schema.org\",\"@graph\":[{\"@type\":\"WebPage\",\"@id\":\"https:\/\/www.borbora.hu\/?page_id=1069\",\"url\":\"https:\/\/www.borbora.hu\/?page_id=1069\",\"name\":\"Borbora Borh\u00e1z Villa \u00c1SZF - Borbora Borh\u00e1z\",\"isPartOf\":{\"@id\":\"https:\/\/www.borbora.hu\/#website\"},\"datePublished\":\"2024-04-22T09:33:01+00:00\",\"dateModified\":\"2024-04-22T10:04:25+00:00\",\"breadcrumb\":{\"@id\":\"https:\/\/www.borbora.hu\/?page_id=1069#breadcrumb\"},\"inLanguage\":\"hu\",\"potentialAction\":[{\"@type\":\"ReadAction\",\"target\":[\"https:\/\/www.borbora.hu\/?page_id=1069\"]}]},{\"@type\":\"BreadcrumbList\",\"@id\":\"https:\/\/www.borbora.hu\/?page_id=1069#breadcrumb\",\"itemListElement\":[{\"@type\":\"ListItem\",\"position\":1,\"name\":\"Home\",\"item\":\"https:\/\/www.borbora.hu\/\"},{\"@type\":\"ListItem\",\"position\":2,\"name\":\"Borbora Borh\u00e1z Villa \u00c1SZF\"}]},{\"@type\":\"WebSite\",\"@id\":\"https:\/\/www.borbora.hu\/#website\",\"url\":\"https:\/\/www.borbora.hu\/\",\"name\":\"Borbora Borh\u00e1z\",\"description\":\"\",\"publisher\":{\"@id\":\"https:\/\/www.borbora.hu\/#organization\"},\"potentialAction\":[{\"@type\":\"SearchAction\",\"target\":{\"@type\":\"EntryPoint\",\"urlTemplate\":\"https:\/\/www.borbora.hu\/?s={search_term_string}\"},\"query-input\":{\"@type\":\"PropertyValueSpecification\",\"valueRequired\":true,\"valueName\":\"search_term_string\"}}],\"inLanguage\":\"hu\"},{\"@type\":\"Organization\",\"@id\":\"https:\/\/www.borbora.hu\/#organization\",\"name\":\"Borbora Borh\u00e1z\",\"url\":\"https:\/\/www.borbora.hu\/\",\"logo\":{\"@type\":\"ImageObject\",\"inLanguage\":\"hu\",\"@id\":\"https:\/\/www.borbora.hu\/#\/schema\/logo\/image\/\",\"url\":\"https:\/\/i0.wp.com\/www.borbora.hu\/wp-content\/uploads\/2020\/02\/cropped-Borbora-Logo-4.retina.jpg?fit=512%2C512&ssl=1\",\"contentUrl\":\"https:\/\/i0.wp.com\/www.borbora.hu\/wp-content\/uploads\/2020\/02\/cropped-Borbora-Logo-4.retina.jpg?fit=512%2C512&ssl=1\",\"width\":512,\"height\":512,\"caption\":\"Borbora Borh\u00e1z\"},\"image\":{\"@id\":\"https:\/\/www.borbora.hu\/#\/schema\/logo\/image\/\"},\"sameAs\":[\"https:\/\/www.facebook.com\/Borbora-Borhz-101606278064627\"]}]}<\/script>\n<!-- \/ Yoast SEO plugin. -->","yoast_head_json":{"title":"Borbora Borh\u00e1z Villa \u00c1SZF - Borbora Borh\u00e1z","robots":{"index":"index","follow":"follow","max-snippet":"max-snippet:-1","max-image-preview":"max-image-preview:large","max-video-preview":"max-video-preview:-1"},"canonical":"https:\/\/www.borbora.hu\/?page_id=1069","og_locale":"hu_HU","og_type":"article","og_title":"Borbora Borh\u00e1z Villa \u00c1SZF - Borbora Borh\u00e1z","og_description":"Jelen \u201e\u00c1ltal\u00e1nos Szerz\u0151d\u00e9si Felt\u00e9telek\u201d (tov\u00e1bbiakban \u00c1SZF) szab\u00e1lyozza a szolg\u00e1ltat\u00f3 \u00e1ltal 8245 V\u00e1szoly, k\u00fclter\u00fclet HRSZ 1211\/8 c\u00edmen \u00fczemeltetett Borbora Borh\u00e1z Villa \u00e9s az ahhoz kapcsol\u00f3d\u00f3 egy\u00e9b szolg\u00e1ltat\u00e1sok ig\u00e9nybev\u00e9tel\u00e9nek felt\u00e9teleit. AZ \u00c1SZF nem z\u00e1rja ki az egyedi vagy speci\u00e1lis meg\u00e1llapod\u00e1sok megk\u00f6t\u00e9s\u00e9t utaz\u00e1sk\u00f6zvet\u00edt\u0151kkel, utaz\u00e1sszervez\u0151kkel vagy egy\u00e9b olyan szem\u00e9lyekkel, akik a Szolg\u00e1ltat\u00f3 szolg\u00e1ltat\u00e1sai \u00e9rt\u00e9kes\u00edt\u00e9s\u00e9ben a Szolg\u00e1ltat\u00f3val egy\u00fcttm\u0171k\u00f6dnek. 1. Szerz\u0151d\u0151 [&hellip;]","og_url":"https:\/\/www.borbora.hu\/?page_id=1069","og_site_name":"Borbora Borh\u00e1z","article_publisher":"https:\/\/www.facebook.com\/Borbora-Borhz-101606278064627","article_modified_time":"2024-04-22T10:04:25+00:00","twitter_card":"summary_large_image","twitter_misc":{"Becs\u00fclt olvas\u00e1si id\u0151":"6 perc"},"schema":{"@context":"https:\/\/schema.org","@graph":[{"@type":"WebPage","@id":"https:\/\/www.borbora.hu\/?page_id=1069","url":"https:\/\/www.borbora.hu\/?page_id=1069","name":"Borbora Borh\u00e1z Villa \u00c1SZF - Borbora Borh\u00e1z","isPartOf":{"@id":"https:\/\/www.borbora.hu\/#website"},"datePublished":"2024-04-22T09:33:01+00:00","dateModified":"2024-04-22T10:04:25+00:00","breadcrumb":{"@id":"https:\/\/www.borbora.hu\/?page_id=1069#breadcrumb"},"inLanguage":"hu","potentialAction":[{"@type":"ReadAction","target":["https:\/\/www.borbora.hu\/?page_id=1069"]}]},{"@type":"BreadcrumbList","@id":"https:\/\/www.borbora.hu\/?page_id=1069#breadcrumb","itemListElement":[{"@type":"ListItem","position":1,"name":"Home","item":"https:\/\/www.borbora.hu\/"},{"@type":"ListItem","position":2,"name":"Borbora Borh\u00e1z Villa \u00c1SZF"}]},{"@type":"WebSite","@id":"https:\/\/www.borbora.hu\/#website","url":"https:\/\/www.borbora.hu\/","name":"Borbora Borh\u00e1z","description":"","publisher":{"@id":"https:\/\/www.borbora.hu\/#organization"},"potentialAction":[{"@type":"SearchAction","target":{"@type":"EntryPoint","urlTemplate":"https:\/\/www.borbora.hu\/?s={search_term_string}"},"query-input":{"@type":"PropertyValueSpecification","valueRequired":true,"valueName":"search_term_string"}}],"inLanguage":"hu"},{"@type":"Organization","@id":"https:\/\/www.borbora.hu\/#organization","name":"Borbora Borh\u00e1z","url":"https:\/\/www.borbora.hu\/","logo":{"@type":"ImageObject","inLanguage":"hu","@id":"https:\/\/www.borbora.hu\/#\/schema\/logo\/image\/","url":"https:\/\/i0.wp.com\/www.borbora.hu\/wp-content\/uploads\/2020\/02\/cropped-Borbora-Logo-4.retina.jpg?fit=512%2C512&ssl=1","contentUrl":"https:\/\/i0.wp.com\/www.borbora.hu\/wp-content\/uploads\/2020\/02\/cropped-Borbora-Logo-4.retina.jpg?fit=512%2C512&ssl=1","width":512,"height":512,"caption":"Borbora Borh\u00e1z"},"image":{"@id":"https:\/\/www.borbora.hu\/#\/schema\/logo\/image\/"},"sameAs":["https:\/\/www.facebook.com\/Borbora-Borhz-101606278064627"]}]}},"jetpack_sharing_enabled":true,"_links":{"self":[{"href":"https:\/\/www.borbora.hu\/index.php?rest_route=\/wp\/v2\/pages\/1069","targetHints":{"allow":["GET"]}}],"collection":[{"href":"https:\/\/www.borbora.hu\/index.php?rest_route=\/wp\/v2\/pages"}],"about":[{"href":"https:\/\/www.borbora.hu\/index.php?rest_route=\/wp\/v2\/types\/page"}],"author":[{"embeddable":true,"href":"https:\/\/www.borbora.hu\/index.php?rest_route=\/wp\/v2\/users\/2"}],"replies":[{"embeddable":true,"href":"https:\/\/www.borbora.hu\/index.php?rest_route=%2Fwp%2Fv2%2Fcomments&post=1069"}],"version-history":[{"count":3,"href":"https:\/\/www.borbora.hu\/index.php?rest_route=\/wp\/v2\/pages\/1069\/revisions"}],"predecessor-version":[{"id":1081,"href":"https:\/\/www.borbora.hu\/index.php?rest_route=\/wp\/v2\/pages\/1069\/revisions\/1081"}],"wp:attachment":[{"href":"https:\/\/www.borbora.hu\/index.php?rest_route=%2Fwp%2Fv2%2Fmedia&parent=1069"}],"curies":[{"name":"wp","href":"https:\/\/api.w.org\/{rel}","templated":true}]}}