{"id":584,"date":"2023-02-13T10:20:07","date_gmt":"2023-02-13T09:20:07","guid":{"rendered":"https:\/\/www.borbora.hu\/?page_id=584"},"modified":"2023-02-16T11:51:19","modified_gmt":"2023-02-16T10:51:19","slug":"our-winery","status":"publish","type":"page","link":"https:\/\/www.borbora.hu\/?page_id=584","title":{"rendered":"Our Winery"},"content":{"rendered":"<p><\/p>\n<p>Our winery is located in one of the most beautiful hillside of Balaton Highlands, where the supreme panoramic view attracts lots of hikers and visitors in every season.<\/p>\n<p><\/p>\n","protected":false},"excerpt":{"rendered":"<p>Our winery is located in one of the most beautiful hillside of Balaton Highlands, where the supreme panoramic view attracts lots of hikers and visitors in every season.<\/p>\n","protected":false},"author":2,"featured_media":0,"parent":0,"menu_order":0,"comment_status":"closed","ping_status":"closed","template":"templates\/template-portfolio.php","meta":{"footnotes":""},"class_list":["post-584","page","type-page","status-publish","hentry","latest_post"],"yoast_head":"<!-- This site is optimized with the Yoast SEO plugin v24.6 - https:\/\/yoast.com\/wordpress\/plugins\/seo\/ -->\n<title>Our Winery - Borbora Borh\u00e1z<\/title>\n<meta name=\"robots\" content=\"index, follow, max-snippet:-1, max-image-preview:large, max-video-preview:-1\" \/>\n<link rel=\"canonical\" href=\"https:\/\/www.borbora.hu\/?page_id=584\" \/>\n<meta property=\"og:locale\" content=\"hu_HU\" \/>\n<meta property=\"og:type\" content=\"article\" \/>\n<meta property=\"og:title\" content=\"Our Winery - Borbora Borh\u00e1z\" \/>\n<meta property=\"og:description\" content=\"Our winery is located in one of the most beautiful hillside of Balaton Highlands, where the supreme panoramic view attracts lots of hikers and visitors in every season.\" \/>\n<meta property=\"og:url\" content=\"https:\/\/www.borbora.hu\/?page_id=584\" \/>\n<meta property=\"og:site_name\" content=\"Borbora Borh\u00e1z\" \/>\n<meta property=\"article:publisher\" content=\"https:\/\/www.facebook.com\/Borbora-Borhz-101606278064627\" \/>\n<meta property=\"article:modified_time\" content=\"2023-02-16T10:51:19+00:00\" \/>\n<meta name=\"twitter:card\" content=\"summary_large_image\" \/>\n<meta name=\"twitter:label1\" content=\"Becs\u00fclt olvas\u00e1si id\u0151\" \/>\n\t<meta name=\"twitter:data1\" content=\"1 perc\" \/>\n<script type=\"application\/ld+json\" class=\"yoast-schema-graph\">{\"@context\":\"https:\/\/schema.org\",\"@graph\":[{\"@type\":\"WebPage\",\"@id\":\"https:\/\/www.borbora.hu\/?page_id=584\",\"url\":\"https:\/\/www.borbora.hu\/?page_id=584\",\"name\":\"Our Winery - Borbora Borh\u00e1z\",\"isPartOf\":{\"@id\":\"https:\/\/www.borbora.hu\/#website\"},\"datePublished\":\"2023-02-13T09:20:07+00:00\",\"dateModified\":\"2023-02-16T10:51:19+00:00\",\"breadcrumb\":{\"@id\":\"https:\/\/www.borbora.hu\/?page_id=584#breadcrumb\"},\"inLanguage\":\"hu\",\"potentialAction\":[{\"@type\":\"ReadAction\",\"target\":[\"https:\/\/www.borbora.hu\/?page_id=584\"]}]},{\"@type\":\"BreadcrumbList\",\"@id\":\"https:\/\/www.borbora.hu\/?page_id=584#breadcrumb\",\"itemListElement\":[{\"@type\":\"ListItem\",\"position\":1,\"name\":\"Home\",\"item\":\"https:\/\/www.borbora.hu\/\"},{\"@type\":\"ListItem\",\"position\":2,\"name\":\"Our Winery\"}]},{\"@type\":\"WebSite\",\"@id\":\"https:\/\/www.borbora.hu\/#website\",\"url\":\"https:\/\/www.borbora.hu\/\",\"name\":\"Borbora Borh\u00e1z\",\"description\":\"\",\"publisher\":{\"@id\":\"https:\/\/www.borbora.hu\/#organization\"},\"potentialAction\":[{\"@type\":\"SearchAction\",\"target\":{\"@type\":\"EntryPoint\",\"urlTemplate\":\"https:\/\/www.borbora.hu\/?s={search_term_string}\"},\"query-input\":{\"@type\":\"PropertyValueSpecification\",\"valueRequired\":true,\"valueName\":\"search_term_string\"}}],\"inLanguage\":\"hu\"},{\"@type\":\"Organization\",\"@id\":\"https:\/\/www.borbora.hu\/#organization\",\"name\":\"Borbora Borh\u00e1z\",\"url\":\"https:\/\/www.borbora.hu\/\",\"logo\":{\"@type\":\"ImageObject\",\"inLanguage\":\"hu\",\"@id\":\"https:\/\/www.borbora.hu\/#\/schema\/logo\/image\/\",\"url\":\"https:\/\/i0.wp.com\/www.borbora.hu\/wp-content\/uploads\/2020\/02\/cropped-Borbora-Logo-4.retina.jpg?fit=512%2C512&ssl=1\",\"contentUrl\":\"https:\/\/i0.wp.com\/www.borbora.hu\/wp-content\/uploads\/2020\/02\/cropped-Borbora-Logo-4.retina.jpg?fit=512%2C512&ssl=1\",\"width\":512,\"height\":512,\"caption\":\"Borbora Borh\u00e1z\"},\"image\":{\"@id\":\"https:\/\/www.borbora.hu\/#\/schema\/logo\/image\/\"},\"sameAs\":[\"https:\/\/www.facebook.com\/Borbora-Borhz-101606278064627\"]}]}<\/script>\n<!-- \/ Yoast SEO plugin. -->","yoast_head_json":{"title":"Our Winery - Borbora Borh\u00e1z","robots":{"index":"index","follow":"follow","max-snippet":"max-snippet:-1","max-image-preview":"max-image-preview:large","max-video-preview":"max-video-preview:-1"},"canonical":"https:\/\/www.borbora.hu\/?page_id=584","og_locale":"hu_HU","og_type":"article","og_title":"Our Winery - Borbora Borh\u00e1z","og_description":"Our winery is located in one of the most beautiful hillside of Balaton Highlands, where the supreme panoramic view attracts lots of hikers and visitors in every season.","og_url":"https:\/\/www.borbora.hu\/?page_id=584","og_site_name":"Borbora Borh\u00e1z","article_publisher":"https:\/\/www.facebook.com\/Borbora-Borhz-101606278064627","article_modified_time":"2023-02-16T10:51:19+00:00","twitter_card":"summary_large_image","twitter_misc":{"Becs\u00fclt olvas\u00e1si id\u0151":"1 perc"},"schema":{"@context":"https:\/\/schema.org","@graph":[{"@type":"WebPage","@id":"https:\/\/www.borbora.hu\/?page_id=584","url":"https:\/\/www.borbora.hu\/?page_id=584","name":"Our Winery - Borbora Borh\u00e1z","isPartOf":{"@id":"https:\/\/www.borbora.hu\/#website"},"datePublished":"2023-02-13T09:20:07+00:00","dateModified":"2023-02-16T10:51:19+00:00","breadcrumb":{"@id":"https:\/\/www.borbora.hu\/?page_id=584#breadcrumb"},"inLanguage":"hu","potentialAction":[{"@type":"ReadAction","target":["https:\/\/www.borbora.hu\/?page_id=584"]}]},{"@type":"BreadcrumbList","@id":"https:\/\/www.borbora.hu\/?page_id=584#breadcrumb","itemListElement":[{"@type":"ListItem","position":1,"name":"Home","item":"https:\/\/www.borbora.hu\/"},{"@type":"ListItem","position":2,"name":"Our Winery"}]},{"@type":"WebSite","@id":"https:\/\/www.borbora.hu\/#website","url":"https:\/\/www.borbora.hu\/","name":"Borbora Borh\u00e1z","description":"","publisher":{"@id":"https:\/\/www.borbora.hu\/#organization"},"potentialAction":[{"@type":"SearchAction","target":{"@type":"EntryPoint","urlTemplate":"https:\/\/www.borbora.hu\/?s={search_term_string}"},"query-input":{"@type":"PropertyValueSpecification","valueRequired":true,"valueName":"search_term_string"}}],"inLanguage":"hu"},{"@type":"Organization","@id":"https:\/\/www.borbora.hu\/#organization","name":"Borbora Borh\u00e1z","url":"https:\/\/www.borbora.hu\/","logo":{"@type":"ImageObject","inLanguage":"hu","@id":"https:\/\/www.borbora.hu\/#\/schema\/logo\/image\/","url":"https:\/\/i0.wp.com\/www.borbora.hu\/wp-content\/uploads\/2020\/02\/cropped-Borbora-Logo-4.retina.jpg?fit=512%2C512&ssl=1","contentUrl":"https:\/\/i0.wp.com\/www.borbora.hu\/wp-content\/uploads\/2020\/02\/cropped-Borbora-Logo-4.retina.jpg?fit=512%2C512&ssl=1","width":512,"height":512,"caption":"Borbora Borh\u00e1z"},"image":{"@id":"https:\/\/www.borbora.hu\/#\/schema\/logo\/image\/"},"sameAs":["https:\/\/www.facebook.com\/Borbora-Borhz-101606278064627"]}]}},"jetpack_sharing_enabled":true,"_links":{"self":[{"href":"https:\/\/www.borbora.hu\/index.php?rest_route=\/wp\/v2\/pages\/584","targetHints":{"allow":["GET"]}}],"collection":[{"href":"https:\/\/www.borbora.hu\/index.php?rest_route=\/wp\/v2\/pages"}],"about":[{"href":"https:\/\/www.borbora.hu\/index.php?rest_route=\/wp\/v2\/types\/page"}],"author":[{"embeddable":true,"href":"https:\/\/www.borbora.hu\/index.php?rest_route=\/wp\/v2\/users\/2"}],"replies":[{"embeddable":true,"href":"https:\/\/www.borbora.hu\/index.php?rest_route=%2Fwp%2Fv2%2Fcomments&post=584"}],"version-history":[{"count":3,"href":"https:\/\/www.borbora.hu\/index.php?rest_route=\/wp\/v2\/pages\/584\/revisions"}],"predecessor-version":[{"id":651,"href":"https:\/\/www.borbora.hu\/index.php?rest_route=\/wp\/v2\/pages\/584\/revisions\/651"}],"wp:attachment":[{"href":"https:\/\/www.borbora.hu\/index.php?rest_route=%2Fwp%2Fv2%2Fmedia&parent=584"}],"curies":[{"name":"wp","href":"https:\/\/api.w.org\/{rel}","templated":true}]}}